 - 5 = 0, -4*r + 2 = -5*r - u. Let w(m) = 7*m**2 - 6*m**2 + 12 + 0*m**3 + m + m**r. Calculate w(0).
12
Suppose 0*q + q = -4. Suppose 3*j = -9*j + 24. Let h(m) = -4 - 3*m**3 + 6*m**j + m**3 + 7*m + 3*m**3 - 2*m. Calculate h(q).
8
Let r(o) = 0 - 4 - o**3 + 2*o**2 + 4*o + o**2. Suppose 39*a + 103 = 259. Let c be r(a). Let v(i) = -3*i. Calculate v(c).
12
Let p(u) = 5*u - 3*u - 4 - 3 + 11. Calculate p(-3).
-2
Let y(w) = 3*w**2 + 0 - 2 - 2 + 5. Let f(q) = -q + 2. Let h be f(2). Suppose -3*s = 0, h = -c + 4*s + 2 - 3. Calculate y(c).
4
Let x(k) = -k**2 + 4*k**2 + 0*k - 31*k**3 + k - 2 + 28*k**3. Suppose 2*z + z + 36 = 0. Let b = z + 14. Determine x(b).
-12
Let x(w) = w**3 - 4*w - 3. Let r(s) = -5*s + 24. Let v be r(5). Let u(p) = -4*p - 6. Let m be u(v). Determine x(m).
-3
Suppose -3*z - 3*l - 15 = 0, -z + 2*l - 9 = 4*l. Let y = z + 2. Let r(f) = -5 + 4*f + f**2 - y - 2*f + 3. Determine r(-4).
5
Let r(t) = -t**2 + 8*t + 4. Let u(n) = -3*n - 4. Let i(k) = -k - 2. Let f(y) = -9*i(y) + 4*u(y). Let p be f(-2). Determine r(p).
4
Suppose -i - 3*t + 79 = 0, -375 = -5*i + 3*t + 2*t. Let h = i - 71. Let d(q) = q - 1. Let n(l) = -l**2 + 4*l. Let o(a) = 3*d(a) + n(a). What is o(h)?
7
Let u = 13 - 25. Let b = u + 14. Let r(k) = k**2 + 5*k + b + 0*k + 2*k. Calculate r(-5).
-8
Let n(f) = f**3 - 4 + 0 - 4*f**2 - 6*f + 5*f. Let o(s) = s**2 - 26*s + 124. Let c be o(6). What is n(c)?
-8
Suppose 6*a = -7 + 19. Let y(q) = q + 8. Let p(j) = -2*j - 15. Let g(i) = a*p(i) + 5*y(i). Calculate g(-6).
4
Let k(v) be the first derivative of -v**3/3 - 5*v**2/2 - 2*v - 1766. Let o = -7 + 3. Give k(o).
2
Let l(q) = 11*q - 4. Let t(o) = -21*o + 7. Let j(k) = -5*l(k) - 3*t(k). Let d(w) = 747*w + 2990. Let z be d(-4). Calculate j(z).
15
Let t = 3 - 4. Let k(h) = 5*h - 8*h**2 - 15*h - 1 + 23*h - 15*h. Give k(t).
-7
Let b(h) be the second derivative of 13*h**5/10 - h**4/12 + h**3/3 - h**2/2 - 67*h + 2. Give b(1).
26
Let a(y) = 1 - 3 - 21*y**2 + 4 + 20*y**2. Let c(b) = b**3 + 4*b**2 - 4*b + 3. Let w = -2 - 3. Let u be c(w). Give a(u).
-2
Let q = 266 + -260. Let n(y) = y**3 - 6*y**2 - 7. Calculate n(q).
-7
Let d = 28 + -30. Let m(a) be the first derivative of -a**4/2 + 2*a**3/3 + a**2 + a + 7. Determine m(d).
21
Let n be (-24)/9*(-45)/12. Suppose 0 = 2*i - n + 2. Suppose -2*v + i = 3*l + 13, l = -2*v + 1. Let z(h) = 2*h**2 - 2*h - 2. Calculate z(v).
10
Let m(h) be the third derivative of h**6/120 - h**5/20 - h**4/24 + h**3/3 - 41*h**2. Let k = 11 - 8. Calculate m(k).
-1
Let b(h) = -3*h. Let y(o) = 8*o + 71. Let r be y(-9). Determine b(r).
3
Let v(u) = -u**2 + 13*u - 7. Let q(o) = -187*o + 7. Let h be q(1). Let a be ((-2)/(-5))/(((-114)/h)/19). Give v(a).
5
Let n(k) = -k**3 - 10*k**2 - k - 3. Let z be n(-10). Let p(w) be the third derivative of w**5/30 - 3*w**4/8 - 7*w**3/6 - 2*w**2 - 4. What is p(z)?
28
Suppose 2*b = 4*z - 2*b - 40, 4*z - 5*b - 44 = 0. Let w(a) = 169*a**2 + 2*a + 287*a**2 - a**3 + 8 - 450*a**2. What is w(z)?
20
Let p(q) = -5 + 15*q - 20*q + 9*q. Calculate p(2).
3
Let b(d) be the first derivative of -d**3/3 + 3*d**2 - 5*d + 197. Determine b(3).
4
Let f be (2 - 12)/(3/9). Let v be 10/f - (-4)/3. Let x(c) = -4*c. Calculate x(v).
-4
Let r(n) = 77*n + 2 + 79*n - n**2 - 157*n. What is r(1)?
0
Let t(h) = h**2 + h - 1. Let x(g) = -g**2 + 7*g - 11. Let m(j) = -2*t(j) - x(j). Let u = 288 + -298. Let a be m(u). Let y(b) = -b**3 + 3*b**2 + 2. Give y(a).
2
Let i(p) = 185*p**2 + 8 + 188*p**2 - 373*p**2 - p**3. What is i(0)?
8
Let h(s) = 9*s**3 + 2*s**2 + s. Let i be 6 + (-1 - 2) + -1. Suppose -5*v - 1 = o - 0*o, -2*o - 5*v = i. Calculate h(o).
-8
Let d(g) = -7*g**3 - 12*g**2 - 13*g - 9. Let r(q) = 20*q**3 + 35*q**2 + 38*q + 26. Let t = 139 + -122. Let v(n) = t*d(n) + 6*r(n). Calculate v(-5).
-7
Let r(o) = -4*o**2 + 11*o - 9. Suppose 5*m + 27 = -4*i, 5*m + 5*i + 24 = 2*i. Let w(x) = -x**2 + x. Let f(z) = m*w(z) + r(z). What is f(6)?
3
Let d(r) = r**3 + 11*r**2 + 10*r - 18. Let m(b) = 2*b**3 + 17*b**2 - 7*b + 8. Let c be m(-9). Determine d(c).
-18
Let d(g) = -g**3 + 2*g**2 - g - 2. Let q(y) = 2*y + 5. Let v be q(0). Suppose -x = -o - 1, 0 = -0*x - v*x + o + 9. Determine d(x).
-4
Suppose -48*z = 7*z. Let u(b) be the second derivative of -1/12*b**4 + 2*b**2 - 12*b + z - b**3. Determine u(-7).
-3
Let q(z) = -2*z - 7. Let w be q(-6). Let x(k) = -2 - w*k - 2*k**2 + 6*k - 4*k. Let r = 83 - 85. Calculate x(r).
-4
Let w(i) be the first derivative of -8*i**3/3 - i**2/2 - 1. Let g be (-9 - 2)/(8/40). Let v be (-6)/10 + (-88)/g. Determine w(v).
-9
Let h(z) = -1 - 9 + 1 + 0 - 2 - 2*z. Give h(-7).
3
Let s be 2/(-6) + (1 - 28/(-21)). Let r(x) = -7*x**3 + 8*x**2 - 7*x + 7. Let o(j) = 15*j**3 - 17*j**2 + 15*j - 15. Let n(b) = -6*o(b) - 13*r(b). What is n(s)?
1
Let u(h) = h**2 - 4*h. Let p = 527 - 522. Calculate u(p).
5
Let h(d) = 5*d**3 + 8*d**2 - 11*d + 17. Let v(w) = -12*w**3 - 16*w**2 + 23*w - 35. Let r(s) = -7*h(s) - 3*v(s). Determine r(7).
-7
Let v(f) = 31*f - 147. Let q be v(5). Suppose 15 = 5*o - 0*o. Let r(j) = -9 + 6*j**2 - j**o + 3*j**2 - 7*j + 3. Determine r(q).
2
Let o(j) be the second derivative of -7/2*j**2 + 7/6*j**3 + 0 + 32*j + 1/12*j**4. Let l be (-2)/(-3) - 46/6. Determine o(l).
-7
Suppose 5*b + 0*z + z - 30 = 0, 2*z - 30 = -5*b. Suppose v = -3*k + 5 - 0, -2*v = 4*k - b. Let q(u) = u + 7*u - 1 - u**k - 1. Give q(6).
10
Let h(a) be the second derivative of 4*a**3/3 - 6*a**2 + 21*a. Let l(f) = -f + 1. Let g(q) = h(q) + 10*l(q). Calculate g(-2).
2
Let i(b) be the third derivative of b**5/60 - b**4/8 - 7*b**3/6 + 2*b**2. Suppose 1 - 11 = -3*z - k, 2*k - 5 = -3*z. Calculate i(z).
3
Let r = -1 + 0. Let q(n) = n**2 - 7*n - 14. Let o be q(9). Let z(y) = 14 - 9 + 2*y - o - 6*y**2. Give z(r).
-7
Let y(r) = -5*r - 27. Let d be 7 - (3 - ((-21)/(-7) - 13)). What is y(d)?
3
Let p(j) = -j**2 + 2*j + 6. Suppose -1135*r = -1129*r - 30. Give p(r).
-9
Let h(b) = 6*b - 604*b**2 + 305*b**2 - 7 + 298*b**2. Calculate h(5).
-2
Let l(h) = h**3 + h**2 - 2*h. Suppose -3*q - 40 = -5*w + 2*q, -4*q - 5 = 5*w. Let g = -6 + w. Let x = g - -1. Determine l(x).
0
Let p(b) = -b**2 + 8*b - 3. Let l = 36 + -34. Suppose -5*u = r + 3*r + 5, l*r + u = 5. Give p(r).
12
Let t = 0 - -1. Let q(g) = 0 + 1 - t - 2 + g**2 - 3*g. What is q(3)?
-2
Let d(o) = o + 4. Let b be d(-6). Suppose -7*j + 0*j = -609. Let l(x) = j*x + 85*x - 174*x. What is l(b)?
4
Let b(l) = -l**3 - 12*l**2 - 10*l + 6. Let t be ((-2)/(-4)*-1)/((-20)/(-40)). Let z be 0 - (2 + 0 + t + 10). What is b(z)?
-5
Let z(t) = -2*t**2 + t + 1. Let d(h) = -3*h**2 + 8*h + 9. Let l(i) = 3*i**2 - 7*i - 8. Let b(n) = -6*d(n) - 7*l(n). Let p(j) = -5*b(j) + 8*z(j). Give p(6).
-20
Suppose -5*m = 5*n - 7 - 28, 0 = -4*n - 5*m + 30. Let d(c) be the third derivative of 1/60*c**n + 1/12*c**4 + c**2 + 0*c - 2/3*c**3 + 0. Calculate d(-3).
-1
Suppose 3*i + 11 = -16. Let m = i + 11. Let f(b) = -6*b + 0*b**2 + 13*b + 2*b**m. Give f(-5).
15
Let o(l) = -l**2 + l + 3. Suppose 5*j + 4*r = 4*j + 95, 3*j - 246 = r. Let v = -80 + j. What is o(v)?
-3
Let c(t) be the second derivative of t**5/60 + t**4/8 + t**3/2 - 13*t**2 - 37*t. Let g(m) be the first derivative of c(m). What is g(-4)?
7
Let n(q) = 79*q + 10. Let c(a) = 171*a + 21. Let p(k) = 6*c(k) - 13*n(k). Determine p(-2).
-2
Let a = 475 - 475. Let w(p) = -p + 16 + 0*p - 24. Give w(a).
-8
Suppose -n + 4*n - 15 = 0. Suppose -4*a + f + 3*f + 8 = 0, 4*f - 46 = -n*a. Let g(c) = -2 + 9 - 6*c**2 - 3*c + 5*c - 4*c + c**3. Calculate g(a).
-5
Let k(p) = p + 2. Let n(b) = -b**2 + 5*b - 16. Let h(d) = -6*k(d) - n(d). Calculate h(11).
4
Let w(n) be the third derivative of -25/6*n**3 + 0*n + 1/24*n**4 + 31*n**2 + 0. Determine w(0).
-25
Suppose 2*u + 0 = -5*k + 2, 6 = -5*k - 4*u. Let j be -3 + 4 - (k - 0). Let m(n) = -228 + 229 + n - 3*n**2 + 0*n. What is m(j)?
-3
Let k = 3 - 0. Suppose a + 10 = 11*a. Let y(c) = -2*c + c**3 + 1 - a + c - 4*c**2. What is y(k)?
-12
Let k(x) = 3*x**2 - 6*x**2 + 2*x**2 + 5*x**2 + 2*x. Calculate k(-1).
2
Let d(l) = 3*l**3 - 4*l**2 + l + 2. Suppose n + 11 = -23. Let w = n - -36. Give d(w).
12
Suppose -57*z + 120 = -6*z - 84. Let t(k) = 17*k - 21. Let w(n) = -4*n + 5. Let m(x) = 4*t(x) + 18*w(x). What is m(z)?
-10
Let h(u) = u**3 - 9*u**2 + 12*u - 22. Let i be h(8). Let j be (-15)/i*-2*1. Let y(d) = -12*d + 6. Let q(x) = 2*x -